nder when 11 is divided by (-1 + -2 - 0) + d?
1
Suppose -307 = -13*m + 278. Calculate the remainder when m is divided by 3.
0
Let b(t) = -18*t + 112. Suppose 0 = 4*j, -3*f - 47 + 230 = -4*j. What is the remainder when f is divided by b(5)?
17
Let k(b) = 3*b + 11. Let z(s) = 1 + 3*s - 4 - 3 + s. Calculate the remainder when z(5) is divided by k(-2).
4
Let u(x) = 5*x - 3. Let t be u(5). Suppose -4*w + 156 = 5*f, 4*w - 110 = f + t. Let o = -10 + w. What is the remainder when o is divided by 13?
11
Suppose -3*s + 66 = -5*o, 60 = 2*s + o + o. Calculate the remainder when 65 is divided by -5 + (3 - 3) + s.
21
Suppose -20*l + 13*l = -301. What is the remainder when 148 is divided by l?
19
Let k = -555 + 780. What is the remainder when k is divided by 68?
21
Let o = 791 - 786. Calculate the remainder when 40 is divided by o.
0
Let w be -2 - 1/(2/(-8)). Let j(v) = 264*v + 77. Let z(r) = 7*r + 2. Let p(s) = -2*j(s) + 77*z(s). What is the remainder when 63 is divided by p(w)?
19
Suppose -159 - 75 = -3*g + 2*l, 0 = 5*l. What is the remainder when 241 is divided by g?
7
Let i(k) = -2*k**3 - 6*k**2 + 12*k + 35. What is the remainder when i(-4) is divided by 5?
4
Suppose -5*m - 3*r + 13 = 0, 14*m - 19*m = 5*r - 5. Suppose 0 = -s - 2*s + 3. Calculate the remainder when m is divided by s.
0
Suppose 2*s = 4*v - 0*s + 2, -4*v - 3*s = 7. Let w(i) = -15*i + 1. Calculate the remainder when w(-6) is divided by 1/(v*3/(-69)).
22
Suppose -4*z - 355 = -4*j + 17, 5*j - 468 = 2*z. What is the remainder when 135 is divided by j?
41
Suppose t + 6 - 25 = 0. Let w be (-77)/(-42) + (-2)/(-12) + 1. Suppose 61 = 3*s - 3*a + t, -w*a = 3*s - 12. Calculate the remainder when 32 is divided by s.
5
Let j(y) = y**2 - 2*y + 4. Let s be j(3). Suppose s*u - 444 = 4*u. Suppose -u = -3*l - 19. What is the remainder when l is divided by 22?
21
Suppose 4*k - 3*k - 16 = 0. Suppose 2*q + 2*h = k, 2 = q - 0*q + 4*h. What is the remainder when 17 is divided by q?
7
Calculate the remainder when 4/(-34) - 41939/(-289) is divided by 37.
34
Let b = -1225 + 1253. What is the remainder when (-318)/(-4) - (-3)/6 is divided by b?
24
Let d = -22 - -46. What is the remainder when d is divided by 6/(-14) - (93/(-21) + -1)?
4
Let x = 12 - -9. Suppose -3*g = 2*g - 930. Suppose 2*r - g = -r. What is the remainder when r is divided by x?
20
Let s(p) = 2*p**3 - p**2 - 4*p + 3. Let a be s(2). Calculate the remainder when (29/2)/(a/14) is divided by 16.
13
Let z(i) = i**2 + 5*i + 2. Let q be z(-7). Suppose -3*f - 17 = q. Let p(n) = -n**2 - 13*n - 8. Calculate the remainder when 54 is divided by p(f).
12
Suppose 306*n - 328 = 302*n. Suppose -5*l + 110 = -0*l. What is the remainder when n is divided by l?
16
Suppose 5*y + 44 - 949 = 0. Suppose 0 = -14*j + 15*j + 1, 0 = x + 3*j - 20. What is the remainder when y is divided by x?
20
Suppose -9*f - 3 = -12*f. Suppose 66 - 18 = 4*a. What is the remainder when a is divided by 0 - (-4 - (2 + f))?
5
Let m(l) = -l**3 + 12*l**2 + 8*l - 13. Let s be m(13). Calculate the remainder when 35 is divided by -7*(2 + s/21).
11
Suppose -119 = 4*i + 3*u + 81, -4*i + 5*u = 232. Let y(r) = -19*r - 8. Let z be y(-6). Let a = z + i. Calculate the remainder when a is divided by 18.
17
Let r = -41 + 77. Let l(w) = -6*w - 8. Let h be l(-2). Suppose -4*f + 32 = 4*t, 0 = -3*f - t + h*t + r. Calculate the remainder when 29 is divided by f.
9
Let g = 12 + 110. Let m = -80 + g. Calculate the remainder when m is divided by 15.
12
Suppose -100 = -375*o + 365*o. What is the remainder when 45 is divided by o?
5
Let z = -230 + 223. Let g(w) be the second derivative of w**4/12 + 7*w**3/6 + 7*w**2/2 + w. What is the remainder when g(z) is divided by 4?
3
Suppose 10 = -5*q, 2*j + q = 7*j - 182. Suppose 0 = -14112*d + 14129*d - 3621. What is the remainder when d is divided by j?
33
Suppose -11 + 66 = 5*s. Let u(v) = v + 34. Let p be u(-13). Let g = p + -2. What is the remainder when g is divided by s?
8
Calculate the remainder when 1 - -4 - (-47 - 83) is divided by 51.
33
Let h = -11 - 19. Let d be (-10)/4*h/25. Suppose -d*c = -8*c + 25, 0 = 2*g - c - 47. Calculate the remainder when g is divided by 14.
12
Suppose -2066 - 3160 = -39*n. What is the remainder when n is divided by 8?
6
What is the remainder when 0 - (2 - 13)*2 is divided by 15?
7
Let r be (7/(-1))/(-49) + (-1)/7. Suppose 7*u - 73 - 11 = r. What is the remainder when 35 is divided by u?
11
Suppose 0 = 9*u - 2*u. Suppose 0 = 5*d + 3*q - 750, -2*d - q - q + 296 = u. Calculate the remainder when d is divided by 22.
21
Suppose -x = -0*x - 4*z - 3, 0 = -2*x + 2*z + 18. Calculate the remainder when 338 is divided by x.
8
Let p be ((2 - 3) + 1)*-1. Let q(y) = -2*y + 6. Let z be q(p). Calculate the remainder when (20/z)/(2/27) is divided by 16.
13
Calculate the remainder when 70 is divided by (-75)/(-5) + 3/3.
6
Suppose -u - 8 = -5, -3*c + u = -87. Calculate the remainder when 38 is divided by c.
10
Suppose -35*i = -20*i - 10335. What is the remainder when i is divided by 69?
68
Let k(r) = -r**3 + r**2 + 9*r + 10. Calculate the remainder when 35 is divided by k(-2).
3
Suppose 7*k - 572 + 26 = 0. What is the remainder when k is divided by 41?
37
Let y(x) = 12*x + 241. Calculate the remainder when y(-12) is divided by 50.
47
Suppose 80 = 3*s + 2*s. Let j be (5 + 2 + -7)/(1*4). Suppose j = b - 2*k - 38, 0 = -12*k + 7*k + 20. Calculate the remainder when b is divided by s.
14
Let w = 200 + 824. What is the remainder when w is divided by 13?
10
Suppose l - 14 = 4*q - 2*q, 0 = 5*l + 5*q - 70. Let c(j) = -25*j + 678. Calculate the remainder when c(25) is divided by l.
11
Let z(r) = 4*r**2 + 9*r + 3. Let t be z(-2). Calculate the remainder when 22 is divided by 15*t*(-14)/(-42).
2
Let h = -1045 + 1083. Calculate the remainder when 62 is divided by h.
24
Let j(g) = 20*g - 21. Calculate the remainder when j(14) is divided by 40.
19
Let k = 691 + -576. Calculate the remainder when k is divided by 10.
5
Let k(h) = 5*h - 20. Let q be k(8). Calculate the remainder when ((-4)/(-2))/(q/90) is divided by 5.
4
Let w be (-444)/16 - (-5)/(-20). Let p(u) = -u**3 - 27*u**2 + 26*u + 8. Calculate the remainder when p(w) is divided by 22.
20
Let b(p) = p**3 + 10*p**2 + 6*p - 10. Let l be b(-7). Calculate the remainder when -2*(3 + l/(-2)) is divided by 23.
20
Let m(r) = -r - 7. Calculate the remainder when (-16)/3*(-3)/(-12)*-15 is divided by m(-14).
6
Let p = 27 + -7. Let u be (36/(-27))/(4/(-9)). Suppose 0 = -u*o + 288 - 54. Calculate the remainder when o is divided by p.
18
Suppose 9*x + x - 120 = 0. What is the remainder when 55 is divided by x?
7
Let x(d) be the first derivative of -d**4/4 - 2*d**3 - d**2 + 7*d + 16. Let w(s) = 14*s - 2. Calculate the remainder when w(4) is divided by x(-6).
16
Let m(o) = o**3 + 13*o**2 + 14*o - 8. Let g be m(-11). Let l = 85 - g. Let z = 14 - 2. What is the remainder when z is divided by l?
2
Suppose -3*t + c = -t - 11, -31 = -4*t + 5*c. Suppose t*o + 47 = -13. Calculate the remainder when (-3)/o - 1328/(-10) is divided by 34.
31
What is the remainder when (-26)/(((-4)/(-24))/(6/(-9))) is divided by 9?
5
Suppose -10*d + 32 - 22 = 0. Calculate the remainder when 30 is divided by d.
0
Suppose -4*x + 3*f = -287, 447 = 5*x + 4*f + 65. Suppose -4*d + x = -o - 34, 5*o = 0. What is the remainder when d is divided by 14?
13
Let j(o) = -o + 15. Suppose -72 = -0*m - 4*m. What is the remainder when j(-20) is divided by m?
17
Let y be (-4)/(-10) - 128/(-5). Suppose -y = -2*b - 0*b. Suppose -444 = -12*o - 0*o. What is the remainder when o is divided by b?
11
Suppose 13 - 9 = 2*u. Let v = -2 + 6. Suppose -3*b = 15, -u*b + b - 497 = -v*g. Calculate the remainder when g is divided by 31.
30
Let s(m) be the third derivative of -m**6/120 + m**5/30 + 5*m**4/24 + 5*m**3/3 + m**2 - m. Calculate the remainder when 42 is divided by s(-2).
10
Suppose 0 = -t - t + 20. Suppose -t*s = -7*s - 174. What is the remainder when s is divided by 15?
13
Calculate the remainder when 64332/144 + 5/4 is divided by 10.
8
Suppose -t - 2*w + 35 = -74, 0 = -5*t + w + 556. What is the remainder when t is divided by 16?
15
Let g(n) = 6*n**2 - 16*n - 18. Calculate the remainder when g(6) is divided by 28.
18
Let l = -29 - -52. Suppose -3*p + 92 - l = 0. Calculate the remain